mmon divisor of j and 104.
13
Suppose -25*w + 756 + 593 = 499. What is the highest common factor of 3315 and w?
17
Let q be (-3)/(-12)*0 + 1080. Let d = -946 + 986. Calculate the greatest common divisor of d and q.
40
Let u(s) = 1. Let t(j) = -j - 10. Let z = 99 + -109. Let x(v) = z*u(v) - 2*t(v). Let h be x(13). What is the greatest common factor of 18 and h?
18
Suppose -v - 3*a = 37, -3*a + a + 100 = -5*v. Let y = v + 28. Suppose p - 8 - y = 0. What is the highest common factor of p and 126?
14
Let i be ((-10)/1 - (-21)/7) + 2815 + 26. What is the highest common divisor of i and 13?
13
Let p(r) = 22*r + 10. Let j be p(-18). Let b = 559 + j. Suppose b = 2*k - 0*h - 5*h, -k = -3*h - 84. Calculate the highest common divisor of 22 and k.
11
Suppose 33451 = -4*f + 73315. Calculate the greatest common factor of 132 and f.
66
Let m(c) = c**3 - 8*c**2 - 4*c - 15. Let l be m(10). Suppose -4*f + l = -111. Calculate the highest common factor of f and 16.
16
Let w(y) = 2*y**2 - 28*y - 84. Let b be w(-7). Let h be 78/4 - (-3)/6. What is the highest common factor of h and b?
10
Let s be ((-99)/(-6))/(110/3300). What is the greatest common factor of 132 and s?
33
Suppose b + 2*z - 34 = 0, -2*b - 3*z + 33 = -34. What is the highest common factor of b and 2944?
32
Suppose -g + 853 = 4*g + w, 0 = 5*w - 15. Suppose 9*z - 11*z + 4*h = -76, -4*z - h = -g. What is the highest common divisor of 30 and z?
6
Let f(r) = 21*r**3 + r**2 + 5*r - 12. Let u be f(2). Calculate the greatest common divisor of 150 and u.
10
Let w(o) = -o**2 - 18*o + 31. Let x be w(-19). Suppose x*s - 17*s + 230 = 0. Suppose s*b - 10 = 45*b. What is the highest common divisor of b and 10?
10
Let s be 66/((-11)/(-2) + -4). Let j = s - 15. Suppose 25*m - j*m + 1696 = 0. What is the greatest common divisor of m and 53?
53
Suppose -2*x = 6, 46 = 3*y + 3*x + 7. Suppose -39 - 73 = -y*z. Calculate the highest common factor of 1 and z.
1
Let p(g) = -109*g + 3. Let o be p(-5). Let z = -179 + 170. Let v be o/6 + 12/z. Calculate the highest common factor of v and 36.
18
Suppose -5*g - 2*f + 4 = 0, 3*g + 3*f - 28 = -22. Let k(v) = -v**3 + 5*v**2 - 2*v + 64. Let l be k(g). What is the highest common divisor of 1216 and l?
64
Let x be 2*(22 + (-4 - -4)). Let h = x + -38. Suppose 4*j + h*w - 27 = w, -j + 13 = -5*w. What is the highest common factor of j and 24?
8
Let y = -232 + 277. Let a = 39 + y. Calculate the greatest common divisor of a and 21.
21
Let a be (-8 - (-1495)/(-15))/((-2)/(-84)*-2). Calculate the greatest common divisor of a and 76.
19
Let d be (-1 + -2)*2 - -22. Suppose -d*y + 32 + 144 = 0. Let g be (22/(-4))/(2/(-4)). What is the greatest common factor of g and y?
11
Suppose -153 = -4*c + x, 10*c = 9*c - x + 42. What is the greatest common divisor of c and 4680?
39
Let a(t) = -t**2 + 43*t - 80. Let z be a(41). Let r(s) = 2*s + 3. Let o be r(z). Calculate the highest common divisor of 21 and o.
7
Suppose 2*v + 420 = 9*v. Let h be (-8)/(-140) - (60192/(-315))/16. Calculate the greatest common divisor of v and h.
12
Let o = 307 - 138. Let y = o - 151. Let j be -1 + 2 + 109 + -2. What is the greatest common factor of j and y?
18
Let z(w) = -15*w. Let n be z(-1). Let q(t) = 13*t**3 - 25*t**2 + 5*t - 5. Let d be q(2). What is the highest common divisor of n and d?
3
Suppose -2*n + 8 = 0, a - 550 = -2*a - n. Let v be 2/(-6 - 0) - (550/(-66) - 6). What is the highest common divisor of v and a?
14
Let c = 855 - 517. Suppose -c = -2*u + 4*y, 5*u = 3*y + 844 - 34. Calculate the greatest common factor of 53 and u.
53
Suppose -2*b + b - 5*m = -5, 3*m - 3 = -3*b. Suppose 5*l - 3*l + 3*s = 13, b = -2*l + 3*s - 5. Calculate the greatest common factor of l and 8.
2
Let m = -132 - -102. Let r be (m + 3)*(-2 - -1). Calculate the greatest common divisor of r and 3.
3
Suppose 26 = -165*b + 1736 + 1260. Calculate the greatest common factor of 1074 and b.
6
Let f(l) = -l**3 - 4*l**2 - 7*l - 1. Let u be f(-5). Let c(x) = -51*x + 915. Let i be c(18). Let v be i/7 + u/7. What is the greatest common factor of v and 56?
8
Let j be (-21)/(-7) - (-2 + 2). Suppose -j*b + 6*b = 576. What is the highest common factor of 48 and b?
48
Suppose z - 2*q = 441, -3*q = -4*z + 2*q + 1770. Let t = z - 298. Suppose 50 + 76 = 6*y. Calculate the greatest common divisor of t and y.
21
Let z(p) = p + 33. Let v be z(-8). Let b be 16 - (-5)/(-10)*-2. Let a = v - b. Calculate the highest common factor of 16 and a.
8
Let t(n) = -n**2 + 75*n + 111. Let d be t(49). Calculate the greatest common divisor of d and 5.
5
Suppose 37 = -4*o + 2*p + 91, -4*o + 57 = -5*p. Let c be 0 + 16/20 + (-902)/(-10). Calculate the highest common factor of c and o.
13
Suppose -n - 205 = -5*d, d - 648 = 3*n - 3*d. Let s be n/(1*(-1 + 2 + -2)). Calculate the greatest common factor of s and 88.
44
Suppose 4234 - 1144 = 10*i. Let a = i - 169. Let k = a - 98. Calculate the greatest common factor of k and 70.
14
Let m(c) = 3*c**2 - c - 11. Let l be m(-5). Let r = -58 + l. Calculate the greatest common divisor of r and 1.
1
Let z(k) = -k**3 - 11*k**2 + 10*k - 20. Let n = 126 - 66. Suppose -2*l - 3*l = n. Let f be z(l). What is the highest common divisor of 1 and f?
1
Suppose -2316 = -31*t - 115. Let z = t - 6. Calculate the greatest common factor of 455 and z.
65
Let a be 49/(-14)*((-228)/(-7))/(-1). Suppose -q + a = -3*r, 3*r + r = -q + 79. What is the highest common divisor of 77 and q?
11
Let g = 1532 - 1222. Let q(y) = 2*y**2 - y + 4. Let x be q(8). Calculate the greatest common divisor of x and g.
62
Suppose 889*q - 877*q - 36408 = 0. Calculate the greatest common divisor of 74 and q.
74
Let b be (8/(-6))/(968/(-99) + 10). Let z be (1 - 2) + 73 + 4 + b. Calculate the greatest common factor of z and 560.
70
Let p be (-2)/11 + 290/22. Let f be 54/10 - (-18)/(-45). Suppose f*c - 265 = -i, c + i - 67 + 10 = 0. Calculate the greatest common factor of p and c.
13
Let k = 115 + -40. Let i be (6/2 - 128/48)/(4/3300). Calculate the highest common divisor of i and k.
25
Suppose 69 = -2*h + 5*s, -s + 95 = -5*h - 4*s. Let l(i) = i + 28. Let f be l(h). Let c = f - -11. Calculate the highest common divisor of c and 17.
17
Suppose -3*p - 4*p = 28. Let c be (-1 - -2)*-2 - p. Let l be (-2 - 0)*(-77)/c. What is the highest common factor of l and 22?
11
Suppose -687821 + 240325 = -262*w. What is the greatest common factor of w and 1342?
122
Let z be (-5 - (-3456)/63) + 2/14. Let b = z - -269. What is the greatest common factor of b and 87?
29
Let n = 264 - 260. Suppose 0 = -2*t, 0 = -3*l + 4*l - n*t - 20. Calculate the greatest common factor of l and 30.
10
Suppose 2*q + 4 = g + 5, 0 = -q + 5*g - 13. Suppose q*r - o - 31 = -0*o, -21 = -2*r - o. Suppose 2*f + 22 = r*f. What is the greatest common divisor of 1 and f?
1
Let h be (-12 + 0 + 1)*(3 - 4). Let b be (55/10)/((-6)/(-204)). What is the greatest common divisor of b and h?
11
Let s be (-1)/(-4) + (-321)/(-12). Suppose 4*g = 17 + s. Suppose -2*v + 160 = -3*y, -3*y + 188 = 3*v - 37. Calculate the highest common factor of g and v.
11
Let s = 3679 - 2799. Calculate the greatest common divisor of s and 96.
16
Suppose 2*p = 22 - 18. Suppose -2*i = -q - 5, 2*q = i - p*q - 20. Suppose i = -3*s - 2*s + 160. What is the greatest common factor of s and 48?
16
Suppose -3*k - 80 = -5*j, -3*j + 5*k = 8 - 56. Suppose -j - 4 = -4*c, -5*c = 2*z - 277. Calculate the greatest common factor of z and 36.
18
Suppose -j + 20 = -6*j. Suppose -3*x - 2*z - 18 = 0, 5*x - 3*z + 9 = -2. Let o be ((-2)/j)/(x/(-32)). What is the highest common factor of o and 16?
4
Suppose 127*f - 11*f - 44844 = 15*f. What is the greatest common factor of 18 and f?
6
Let g = -597 + 595. Let y be (1/g)/(-10 - (-2513)/252). What is the greatest common divisor of y and 78?
6
Let f = 19531 - 19417. What is the highest common divisor of 2375 and f?
19
Let u = 2126 + -371. Calculate the greatest common factor of u and 135.
135
Let q(k) = -80*k**2 - 886*k - 6. Let g be q(-11). Calculate the greatest common divisor of g and 470.
10
Let o be ((-5)/(-25)*-6)/((-2)/(-20)). Suppose -9 = -i - 2*x, 5*x - 2 = 18. Let a be i + ((-380)/o*3)/1. Calculate the greatest common factor of a and 32.
32
Suppose 345*m + 1324 + 3256 = 1490*m. Let f = 1 - -4. Calculate the highest common divisor of f